
Let j be (-2 - 2)/(-2) - -9. Let k = 91 + -58. Let l = k - j. List the prime factors of l.
2, 11
Let s(x) = -3 + 0*x**2 - x + 7 + x**2. What are the prime factors of s(5)?
2, 3
Let p = 234 - -684. What are the prime factors of p?
2, 3, 17
List the prime factors of ((-1472)/(-20))/((-2)/(-30)).
2, 3, 23
Suppose 7*t - 120 = -15. Let i = 74 - t. What are the prime factors of i?
59
Let d = -91 + -73. Let j = d - -303. List the prime factors of j.
139
Let k(w) = 15*w + 5. Suppose -4*f + 2 = -14. Suppose 2*b + 5*m = 21, -f*b - b + 9 = -2*m. What are the prime factors of k(b)?
2, 5
Suppose -15*g - 21 = 69. Let r(i) be the first derivative of 2*i**3/3 + 4*i**2 - i - 1. List the prime factors of r(g).
23
Suppose -h = 3*g - 413, -3*h + 2*h + 410 = 4*g. What are the prime factors of h?
2, 211
Suppose -3*p + 15 = 3*o, -5*o - 2*p = -5*p - 25. Suppose -o*v - 3*t + 2 = -20, t = -1. What are the prime factors of v?
5
Suppose -5 = 4*q + 5*g - 2, -2*q + 4*g = -18. Let u be (-102)/(q/2*1). List the prime factors of u/(-18) + (-4)/(-18).
2
Let h = 809 + -575. List the prime factors of h.
2, 3, 13
Suppose 11*p + 4*j + 21324 = 19*p, 3*p = 4*j + 8009. What are the prime factors of p?
2663
Suppose -5*s = -8377 - 4403. List the prime factors of s.
2, 3, 71
Let a(h) = 34*h**2 + 147*h + 1. What are the prime factors of a(-8)?
7, 11, 13
Let p(s) = -4*s**2 + 2*s - 3. Let w(k) = 7*k**2 - 3*k + 5. Let c(r) = -11*p(r) - 6*w(r). Let z be c(2). List the prime factors of -3 - 68/(z - 7).
2, 7
Suppose 3862 = 9*z - 11906. List the prime factors of z.
2, 3, 73
Let r be ((-5)/(50/(-12)))/(12/40). Suppose -i + 0*i + 9 = -2*g, 45 = 5*i - r*g. List the prime factors of i.
3
Let t = -2116 - -3706. List the prime factors of t.
2, 3, 5, 53
What are the prime factors of (-3561)/(-6) + 72/(-48)?
2, 37
Let n = 5 - -12. Let i = -46 + 34. Let b = i + n. What are the prime factors of b?
5
Suppose 1728 = o + 11*o. List the prime factors of o.
2, 3
Let q(c) = -92*c - 20. Let n be q(-2). Suppose n = k + 58. List the prime factors of k.
2, 53
Suppose 4*x - 3*h = -54, -2*h - 20 = -0*x + 2*x. Let z be ((-56)/10)/(26/(-325)). List the prime factors of (x/(-7))/(20/z).
2, 3
Let v = 17 + -36. Let q = -13 - v. Suppose -4*m - s = -156, -5*s + 14 = -q. What are the prime factors of m?
2, 19
What are the prime factors of (-5 + 840)*((-63)/(-15) - -3)?
2, 3, 167
List the prime factors of (-4)/(8/5)*(-1300)/5.
2, 5, 13
Let q be 7 + (-5 - 6/(-3)). What are the prime factors of 6*q/(1 - -3)?
2, 3
Let o = 592 + 244. What are the prime factors of o?
2, 11, 19
Let f(o) = 69*o + 65. List the prime factors of f(8).
617
Let f(v) = 57*v - 58. What are the prime factors of f(13)?
683
What are the prime factors of 2/11 + 133696/352?
2, 5, 19
List the prime factors of (-6)/3*(-1 + -266 - -1).
2, 7, 19
List the prime factors of (7/14)/((-11)/(-23914)).
1087
Let b(u) = u**3 - u**2 + 2*u - 1. Let x be b(0). List the prime factors of (-3)/(-3)*(11 + x).
2, 5
Let p = 41 - 32. Let o = 48 - p. What are the prime factors of o?
3, 13
Let i be 233*(5 + -4)/1. Let k = 328 - i. Suppose -4*b = b - k. What are the prime factors of b?
19
Let s = 1076 - -568. What are the prime factors of s?
2, 3, 137
Let b(m) = 3*m**2 - 20*m + 22. List the prime factors of b(-9).
5, 89
Suppose 25 = 5*u - 2*i, -4*u - 5*i + 7 = -13. Suppose -2*b - 2*b - 33 = -r, 0 = -u*r - b + 81. Suppose -7*p + 528 = r. What are the prime factors of p?
73
Let m be 6*(4/(-6) + (-441)/(-54)). List the prime factors of 2/((2/m)/1).
3, 5
Let a(u) be the second derivative of -7*u**4/12 + u**3/3 + 5*u**2/2 - 6*u. Let m be a(4). List the prime factors of (22/(-6))/(11/m).
3, 11
Let a(f) = 9*f**2 - 5*f + 5. Let x(d) = 5*d**2 - 3*d + 3. Let s(r) = 4*a(r) - 7*x(r). List the prime factors of s(-3).
5
Suppose -4*l + 5*i + 14 + 2 = 0, -3*l + 12 = -4*i. List the prime factors of 4*(19/l + 3).
31
Suppose 3*s + 12 = 0, 5*l = -39*s + 41*s + 4398. What are the prime factors of l?
2, 439
Suppose 0 = 11*w - 10*w - 14. Let t(j) = -j**3 + 14*j**2 + 8*j - 19. What are the prime factors of t(w)?
3, 31
Suppose 0 = h + 2*y - 6, 39 = 3*h - y - 14. Suppose 4*c = 2*c + h. List the prime factors of c/20 + 143/5.
29
Suppose -4*q = 12, -160*j + 159*j - 4*q + 4116 = 0. What are the prime factors of j?
2, 3, 43
Let m(f) = 14*f + 148. Let w be m(8). Suppose -5*z + 30 = -v, -z + v = -9 - 1. Suppose z*l - w = -0*l. List the prime factors of l.
2, 13
Suppose 0*q - 5*q = -70. Let o be (1*q)/(14/280). Suppose 0 = 5*k + 2*b - o, -2*b + 56 = k + b. What are the prime factors of k?
2, 7
Let f be (-3)/2 + 2/4. Let q be ((-10)/(-30))/(f/(-39)). Let s(d) = d**2 - 9*d - 6. What are the prime factors of s(q)?
2, 23
Let j be (510/(-40))/((-3)/8). Let k(p) = -18*p**3 + p**2. Let q be k(-1). Let r = j - q. List the prime factors of r.
3, 5
Suppose -55622 = -70*b + 56*b. What are the prime factors of b?
29, 137
Let r(c) = c**3 + 29*c**2 - 6*c + 28. List the prime factors of r(-28).
2, 5, 7
Suppose -414*n + 415*n = 662. What are the prime factors of n?
2, 331
Suppose -4*m + 14 = -2*l, 0*m - 19 = -4*m + 3*l. Suppose m = 4*o - 179. Suppose h = 6*h - o. What are the prime factors of h?
3
Suppose -3*l - 60 = l. Let r be -6*10/l + 4. Suppose r*x + 38 = d + 4*x, -d - 5*x = 7. List the prime factors of d.
2, 3
Suppose 3*t = -3*t + 210. Let z = t + 73. List the prime factors of z.
2, 3
Let c(w) = -w**2 + 12*w - 9. Let x be c(11). List the prime factors of x + 1 + 7 + 2.
2, 3
Let y(b) = -2*b**2 - 15*b - 18. Let c be y(-6). Suppose -26*r + 30*r - 968 = c. What are the prime factors of r?
2, 11
Suppose 11*h - 3*h + 248 = 0. Let n = 139 + h. List the prime factors of n.
2, 3
Suppose 4*l - 28 = 2*a, -3*a = 2*a + 5*l + 40. Let g(k) be the first derivative of -7*k**2/2 - 15*k - 41. What are the prime factors of g(a)?
5, 11
Let h(b) = -28*b - 70. Let i be h(-22). Suppose -11*a + 4*a = -i. List the prime factors of a.
2, 3, 13
Suppose 19*g + 4065 = 24*g - 4*r, -r = 4*g - 3273. List the prime factors of g.
19, 43
Let t = 1523 + 416. List the prime factors of t.
7, 277
Suppose n = -5*b + 430, 2*n = 5*b + 159 + 686. What are the prime factors of n?
5, 17
Suppose -4*u = 3*l - 3048, -4*u = -9*u. List the prime factors of l.
2, 127
Let p(j) = -j**3 - 8 + 3 - 6*j - 4. Let u be p(-3). Suppose m + 4*r = 12, -3*m - 6*r = -2*r - u. List the prime factors of m.
2, 3
Let u(r) be the third derivative of r**5/60 + 11*r**4/24 - r**3/3 + r**2. Let a(p) = -10*p + 88. Let t be a(10). What are the prime factors of u(t)?
2, 5
Suppose 1684 = 4*c + 20*d - 21*d, -3*c + 5*d = -1246. List the prime factors of c.
2, 211
What are the prime factors of 489 + (-4 - (8 - 3 - 8))?
2, 61
Suppose 2*p = -12*y + 14*y - 9048, 4*y + p = 18106. List the prime factors of y.
2, 31, 73
Let i = -13 - -4. Let p(f) = 2*f**2 + 11*f - 5. What are the prime factors of p(i)?
2, 29
Let a = -4 + 4. Suppose 3*w + 2*w - 30 = a. What are the prime factors of 94/w - 4/(-12)?
2
List the prime factors of 2/(-5) + ((-24416)/20)/(-2).
2, 5, 61
Suppose 5*d = 3*d + 384. Suppose -5*y + 103 + d = 0. Suppose -g - 37 = -3*w, 5*w + 2*g = 5*g + y. What are the prime factors of w?
13
Suppose k + 0*k + 53 = 0. Let r = k + 125. Let x = r - 48. List the prime factors of x.
2, 3
Suppose -10*i + 13047 + 7913 = 0. List the prime factors of i.
2, 131
Suppose 0 = 2*z - 2*r + 76, 240 - 30 = -5*z - 5*r. Let s = -20 - z. List the prime factors of s.
2, 5
Let d = 621 - 93. List the prime factors of d.
2, 3, 11
Suppose 0 = -6*m + 33*m - 4104. List the prime factors of m.
2, 19
Let z be 1/(-1 + (-23)/(-22)). Suppose 4*d = -h + 32, 2*d = -h - 0*d + z. Let x = -5 + h. What are the prime factors of x?
7
Let y = 750 + -135. List the prime factors of y.
3, 5, 41
Let b = 70 - 125. Let o = 74 - b. List the prime factors of o.
3, 43
Let f(c) = -c**3 + 5*c**2 + 3*c + 7. Let w be f(5). Let z = w - 9. List the prime factors of z.
13
Suppose 125*o - 129*o + 15464 = 0. List the prime factors of o.
2, 1933
Let g(t) = 7*t. Let n be g(-2). Let a = n + 64. What are the prime factors of a?
2, 5
Let f(h) be the first derivative of -h**3/3 + h - 13. Let d be f(-3). List the prime factors of ((-30)/(-35))/(d/(-28)).
3
Let i = -2 - 0. Let u(p) be the third derivative of -13*p**4/24 + p**3/3 - 8*p**2. What are the prime factors of u(i)